alculate n(-56).
1111
Let u(x) = 371*x**2 - 783*x + 58. Calculate u(2).
-24
Let k(l) = -804*l - 163201. Calculate k(-203).
11
Let t(q) = 1587*q - 233286. What is t(147)?
3
Let z(r) = r**3 - 18*r**2 + 54*r - 407. What is z(10)?
-667
Let a(l) = 2*l**2 - 10*l + 95. Calculate a(-14).
627
Let w(f) = -5*f**2 + 40*f - 68. Determine w(5).
7
Let u(s) = -27087*s - 54153. What is u(-2)?
21
Let y(t) = 2*t**3 - 245*t**2 + 340*t - 26595. Determine y(122).
1
Let b(l) = l**3 - 35*l**2 - 1243*l + 90. Calculate b(-22).
-152
Let j(f) = -39588*f - 510. What is j(0)?
-510
Let f(t) = -7026*t + 6809. Determine f(1).
-217
Let d(m) = -m**3 + 14*m**2 - 88*m + 752. Calculate d(12).
-16
Let o(i) = -344*i**2 - 1508*i - 778. What is o(-4)?
-250
Let w(u) = -248040*u + 1488253. Give w(6).
13
Let a(x) = 799822*x - 4798818. What is a(6)?
114
Let k(j) = 373*j**2 + 22020*j + 629. Determine k(-59).
-138
Let i(z) = -3540*z + 1780. Determine i(1).
-1760
Let d(o) = 2*o**2 - 5*o - 3007. Determine d(40).
-7
Let x(y) = -2*y**2 + 25*y + 1651. Give x(32).
403
Let w(y) = 715489*y - 715490. Calculate w(1).
-1
Let h(o) = 351*o**2 - 23868*o - 7. Determine h(68).
-7
Let v(s) = -353*s - 2910. Give v(-10).
620
Let o(s) = -6762*s**2 + 899344*s + 260. Determine o(133).
-6
Let x(j) = -6460*j - 1298460. What is x(-201)?
0
Let h(u) = u**3 - 171*u**2 + 4006*u + 221. What is h(143)?
507
Let a(r) = 239*r**2 + 154414*r + 12956. Calculate a(-646).
36
Let d(h) = -157*h**2 + 2625*h + 3616. Determine d(18).
-2
Let u(c) = -5672*c - 5689. Determine u(-1).
-17
Let k(d) = d**2 + 33247*d - 99746. What is k(3)?
4
Let s(r) = -3999*r**2 - 4003*r + 4. Determine s(-1).
8
Let u(t) = -2*t**2 + 1017*t + 39324. Give u(545).
-461
Let z(r) = -r**3 + 155*r**2 - 212*r + 8838. Determine z(154).
-94
Let a(q) = -3946*q + 15764. Calculate a(4).
-20
Let y(d) = 12518*d**2 - 25025*d - 3. Determine y(2).
19
Let z(u) = -2737*u - 440951. Determine z(-161).
-294
Let g(o) = -1617*o + 122380. Calculate g(76).
-512
Let u(g) = 979*g**2 + 61666*g - 695. Give u(-63).
-2
Let v(x) = 193*x - 198. Calculate v(-2).
-584
Let g(a) = a**3 + 111*a**2 + 31*a + 3463. Calculate g(-111).
22
Let s(o) = 5585*o + 33548. What is s(-6)?
38
Let z(f) = 80499*f + 1529481. Calculate z(-19).
0
Let z(l) = -30*l**2 + 4745*l + 77918. Determine z(-15).
-7
Let a(m) = 2*m**2 - 13*m - 72. Calculate a(11).
27
Let t(c) = -104*c**2 + 763*c + 1564. What is t(9)?
7
Let i(d) = 2072401*d - 16579207. Calculate i(8).
1
Let l(v) = 5*v**3 + 46*v**2 - 922*v - 18. Calculate l(-19).
-189
Let r(d) = d**2 + 133*d + 3807. Give r(-42).
-15
Let x(o) = -o**2 - 760*o + 88841. Determine x(103).
-48
Let r(x) = 317*x**2 - 3290*x + 1198. Calculate r(10).
-2
Let v(a) = 17*a**2 + 2675*a - 1327658. Give v(-369).
4
Let g(j) = j**3 - 202*j**2 + 2821*j - 2997. What is g(187)?
-5
Let r(x) = -3*x**2 + 516*x - 16225. Determine r(41).
-112
Let t(x) = -28902*x + 3034709. Give t(105).
-1
Let j(z) = -1015*z + 24369. Calculate j(24).
9
Let f(c) = -427*c + 34369. Give f(73).
3198
Let j(o) = -2*o**3 - 123*o**2 + 90*o + 9207. What is j(-61)?
-4
Let c(s) = -2*s**2 + 35991*s - 143932. Determine c(4).
0
Let z(k) = k**2 + 76886*k - 9934940. Give z(129).
-5
Let v(r) = 2*r**2 + 5480*r + 27397. Determine v(-5).
47
Let y(l) = -371*l + 974. Give y(4).
-510
Let l(y) = 2*y**3 - 2*y**2 - 71*y - 23. Determine l(-8).
-607
Let o(m) = 2*m**2 - 172*m + 3370. Calculate o(60).
250
Let j(p) = 2307*p**2 + 9290*p + 246. Give j(-4).
-2
Let l(i) = 2*i**2 - 1656*i - 189697. What is l(-102)?
23
Let o(c) = -12780*c**2 + 345060*c + 11. Determine o(27).
11
Let q(m) = -11*m**3 + 14*m**2 + 110*m + 5. Calculate q(4).
-35
Let j(x) = -62*x**3 + 18230*x**2 - 586*x - 353. What is j(294)?
235
Let u(b) = b**3 - 158*b**2 + 331*b - 2969. Calculate u(156).
-5
Let m(f) = -23766*f - 118856. Calculate m(-5).
-26
Let w(r) = 2*r**3 - 33*r**2 + 97*r - 1515. What is w(18)?
1203
Let h(z) = 815*z + 2783. Calculate h(-3).
338
Let f(x) = -14*x**2 + 1071*x + 18330. Give f(91).
-143
Let i(s) = -1433*s + 95. Give i(2).
-2771
Let n(o) = -99*o + 3314. Determine n(38).
-448
Let z(n) = -5*n**2 + 20067*n + 120556. What is z(-6)?
-26
Let s(l) = -78414*l + 157169. What is s(2)?
341
Let g(j) = 15*j**2 + 174*j + 1095. Give g(-9).
744
Let d(s) = -s**3 + 17*s**2 - 3*s - 297. Give d(17).
-348
Let w(f) = f**3 - 79*f**2 - 152*f - 740. What is w(81)?
70
Let s(z) = z**2 - 227*z - 4292. What is s(247)?
648
Let g(q) = -27032*q - 3216808. Determine g(-119).
0
Let g(x) = x**3 - 145*x**2 + 3457*x - 273. Calculate g(30).
-63
Let n(f) = 2*f**2 + 33604*f + 5852391. What is n(-176)?
39
Let f(b) = -8*b**3 + 16*b**2 - 186*b + 407. Give f(3).
-223
Let c(q) = -6*q**3 - 1396*q**2 + 404*q - 14448. What is c(-233)?
-2
Let f(a) = 3*a**2 - 27203*a - 2. What is f(0)?
-2
Let s(l) = -7*l**2 + 11169*l + 67257. What is s(-6)?
-9
Let s(n) = 368*n - 7465. Determine s(20).
-105
Let t(i) = i**3 - 2*i**2 + 2361*i - 11883. Give t(5).
-3
Let q(h) = 16709*h - 33952681. Determine q(2032).
7
Let h(q) = -7892*q - 102611. Calculate h(-13).
-15
Let x(t) = -3*t**2 - 1499*t - 6906. Give x(-495).
24
Let v(l) = 2*l**2 - 23582*l + 47158. Give v(2).
2
Let v(o) = 5*o**3 + 376*o**2 + 517*o + 33090. What is v(-75)?
-60
Let i(d) = d**2 - 413*d + 23196. What is i(67)?
14
Let d(g) = 13*g**2 + 32091*g - 207894. Determine d(-2475).
6
Let r(n) = -28*n**2 + 13*n + 9. Determine r(-4).
-491
Let y(b) = -2*b**2 - 23504*b - 94023. What is y(-4)?
-39
Let w(o) = -o**3 + 9*o**2 + 496*o - 1024. Determine w(2).
-4
Let b(h) = -379*h + 17440. Give b(46).
6
Let k(n) = -4*n**3 - 67*n**2 - 84*n + 26. Calculate k(-16).
602
Let b(g) = -1794*g + 35583. Determine b(20).
-297
Let o(z) = 142932*z - 285857. Determine o(2).
7
Let m(u) = 2*u**2 + 11*u - 218. What is m(19)?
713
Let g(q) = -q**2 + 619*q - 58302. What is g(115)?
-342
Let y(a) = 2*a**2 - 125*a - 1992. Determine y(-18).
906
Let w(c) = -c**3 + 41*c**2 - 91*c - 416. Give w(37).
1693
Let u(w) = 2816*w - 22547. What is u(8)?
-19
Let c(m) = 3*m**3 - 156*m**2 - 1083*m + 13006. Calculate c(57).
10
Let k(s) = -2341*s - 35638. Determine k(-16).
1818
Let u(d) = d**2 - 744*d - 202664. What is u(-212)?
8
Let m(k) = k**3 + 525*k**2 + 62746*k + 701. What is m(-341)?
19
Let g(d) = 3*d**2 - 8454*d - 8454. Calculate g(-1).
3
Let a(k) = 60*k**2 + 1850*k + 116. Give a(-30).
-1384
Let k(g) = 7*g**2 + 797*g - 5636. Determine k(7).
286
Let i(s) = -21*s**3 + 3926*s**2 + 188*s - 447. Determine i(187).
-260
Let v(r) = 49490*r + 49374. Determine v(-1).
-116
Let f(g) = g**3 + 21*g**2 + 27*g - 286. Give f(-17).
411
Let y(v) = v**2 - 127*v - 35431. Give y(-135).
-61
Let v(b) = 12*b**2 + 6655*b + 62672. What is v(-545)?
-3
Let y(g) = -15*g**2 - 532*g - 243. What is y(-35)?
2
Let b(y) = -2618*y + 34080. What is b(13)?
46
Let k(y) = 609*y - 22530. Give k(37).
3
Let t(k) = -43*k**3 - 12293*k**2 + 1427*k - 863. What is t(-286)?
-5
Let w(j) = -17*j**2 - 384*j + 4880. Give w(9).
47
Let j(k) = -3*k**3 - 70*k**2 - 38*k - 344. Give j(-23).
1
Let u(o) = -39*o**3 + 29369*o**2 - 1523*o + 12814. Calculate u(753).
13
Let o(c) = -c**3 - 77*c**2 + 3055*c - 1774. What is o(-106)?
240
Let s(n) = -290*n**2 - 150*n + 28. Determine s(-1).
-112
Let q(a) = 2*a**2 + 28*a + 345. What is q(-22)?
697
Let w(s) = -38508*s - 4582439. Determine w(-119).
13
Let b(v) = -v**3 + 13*v**2 + 82*v - 1125. Determine b(12).
3
Let f(i) = -i**2 - 19*i - 650. Give f(-18).
-632
Let s(v) = 13*v**2 - 1163*v - 3591. What is s(93)?
687
Let k(u) = 51709*u - 155122. What is k(3)?
5
Let w(c) = 339358*c + 5429725. Determine w(-16).
-3
Let g(s) = s**3 - 28*s**2 - 238*s + 538. Give g(35).
783
Let l(z) = 3*z**2 - 409*z + 12416. Give l(50).
-534
Let j(f) = 11645*f - 11628. Determine j(1).
17
Let c(i) = 265*i + 16909. Determine c(-64).
-51
Let i(y) = 130*y - 1677. What is i(13)?
13
Let s(b) = -2*b**3 + 79*b**2 - 37*b + 3022. Determine s(40).
-58
Let j(n) = 2*n**2 + 26*n + 652. Give j(-23).
1112
Let u(i) = -i**2 + 34*i - 136. Determine u(-7).
-423
Let j(d) = 5*d**2 + 1325*d - 21010. Calculate j(-280).
-10
Let b(d) = -560*d + 20345. Calculate b(25).
6345
Let l(c) = 12581*c + 1006361. Calculate l(-80).
-119
Let f(u) = -114*u**3 + 4*u**2 - 31*u + 51. Give f(2).
-907
Let y(p) = -26*p**2 + 1020*p - 155. Calculate y(39).
79
Let r(b) = -32933*b - 6125532. Determine r(-186).
6
Let b(n